{"id":12,"date":"2023-05-06T13:37:06","date_gmt":"2023-05-06T11:37:06","guid":{"rendered":"http:\/\/egks-conseil.com\/?page_id=12"},"modified":"2023-05-06T13:54:29","modified_gmt":"2023-05-06T11:54:29","slug":"maintenance","status":"publish","type":"page","link":"https:\/\/egks-conseil.com\/","title":{"rendered":"Maintenance"},"content":{"rendered":"\t\t<div data-elementor-type=\"wp-page\" data-elementor-id=\"12\" class=\"elementor elementor-12\">\n\t\t\t\t\t\t\t\t\t<section class=\"elementor-section elementor-top-section elementor-element elementor-element-c52f56a elementor-section-height-min-height elementor-section-boxed elementor-section-height-default elementor-section-items-middle\" data-id=\"c52f56a\" data-element_type=\"section\">\n\t\t\t\t\t\t<div class=\"elementor-container elementor-column-gap-default\">\n\t\t\t\t\t<div class=\"elementor-column elementor-col-100 elementor-top-column elementor-element elementor-element-6d14aca\" data-id=\"6d14aca\" data-element_type=\"column\">\n\t\t\t<div class=\"elementor-widget-wrap elementor-element-populated\">\n\t\t\t\t\t\t\t\t<div class=\"elementor-element elementor-element-4efe37c elementor-view-default elementor-widget elementor-widget-icon\" data-id=\"4efe37c\" data-element_type=\"widget\" data-widget_type=\"icon.default\">\n\t\t\t\t<div class=\"elementor-widget-container\">\n\t\t\t\t\t<div class=\"elementor-icon-wrapper\">\n\t\t\t<div class=\"elementor-icon\">\n\t\t\t<svg xmlns=\"http:\/\/www.w3.org\/2000\/svg\" xmlns:xlink=\"http:\/\/www.w3.org\/1999\/xlink\" id=\"final_svg\" viewBox=\"229.4199981689453 422.1259765625 561.0000610351562 156.3890380859375\" xml:space=\"preserve\">      <g id=\"png_group\" transform=\"translate(229.42, 423.092) scale(0.4666666666666667)\" opacity=\"1\">      <g height=\"147\" width=\"147\" transform=\"rotate(0)\">                  <style type=\"text\/css\">.st0{fill:#9597BA;}<\/style>          <g id=\"color_index_0\" fill=\"rgba(78, 78, 78, 1)\">                          <path d=\"M315,315H0V159.41h70.66v84.98H244.4V70.6h-56.12V0H315V315z M157.5,0h-56.06v70.6h56.06V0z M70.66,0H0v128.65  h70.66V0z\"><\/path>                      <\/g>              <\/g>    <\/g>    <g id=\"text_group\" transform=\"rotate(0)\" opacity=\"1\">      <g id=\"text_layer_1_0\" fill=\"rgba(0, 0, 0, 1)\" transform=\"translate(392.91, 388.236)\">                  <path d=\"M9.00 138.85L9.00 33.89L92.22 33.89L92.22 54.88L35.99 54.88L35.99 75.12L80.22 75.12L80.22 96.12L35.99 96.12L35.99 117.86L92.22 117.86L92.22 138.85L9.00 138.85ZM194.18 78.87L194.18 136.60Q159.09 140.35 129.70 140.35L129.70 140.35Q115.01 140.35 108.11 133.45Q101.21 126.55 101.21 111.86L101.21 111.86L101.21 63.88Q101.21 48.13 108.34 41.01Q115.46 33.89 131.20 33.89L131.20 33.89L185.18 33.89L185.18 54.88L137.20 54.88Q128.20 54.88 128.20 63.88L128.20 63.88L128.20 111.86Q128.20 115.31 130.23 117.33Q132.25 119.36 135.70 119.36L135.70 119.36Q152.94 119.36 167.19 118.61L167.19 118.61L167.19 96.87L147.70 96.87L147.70 78.87L194.18 78.87ZM209.17 138.85L209.17 33.89L236.16 33.89L236.16 75.12L249.66 75.12L273.05 33.89L301.54 33.89L272.15 85.62L301.39 138.85L272.90 138.85L249.66 96.12L236.16 96.12L236.16 138.85L209.17 138.85ZM307.39 137.35L307.39 117.11Q348.47 119.36 363.02 119.36L363.02 119.36Q366.47 119.36 368.49 117.33Q370.52 115.31 370.52 111.86L370.52 111.86L370.52 98.36L336.03 98.36Q320.28 98.36 313.16 91.24Q306.04 84.12 306.04 68.38L306.04 68.38L306.04 63.88Q306.04 48.13 313.16 41.01Q320.28 33.89 336.03 33.89L336.03 33.89L388.66 33.89L388.66 54.88L342.03 54.88Q333.03 54.88 333.03 63.88L333.03 63.88L333.03 66.88Q333.03 75.87 342.03 75.87L342.03 75.87L369.02 75.87Q383.71 75.87 390.61 82.77Q397.51 89.67 397.51 104.36L397.51 104.36L397.51 111.86Q397.51 126.55 390.61 133.45Q383.71 140.35 369.02 140.35L369.02 140.35Q361.37 140.35 352.82 140.05L352.82 140.05L339.03 139.45Q323.73 138.70 307.39 137.35L307.39 137.35Z\"><\/path>              <\/g>    <\/g>    <g id=\"tagline_group\" transform=\"rotate(0)\" opacity=\"1\">      <g id=\"text_layer_2_0\" fill=\"rgba(149, 151, 186, 1)\" transform=\"translate(405.96, 556.015)\">                  <path d=\"M8.73 22.47Q6.45 22.47 4.78 21.55Q3.10 20.63 2.21 18.93Q1.31 17.22 1.31 14.92L1.31 14.92Q1.31 12.32 2.33 10.37Q3.35 8.42 5.20 7.36Q7.05 6.29 9.53 6.29L9.53 6.29Q11.15 6.29 12.56 6.76Q13.96 7.23 15.03 8.11L15.03 8.11L13.72 10.59Q12.72 9.80 11.76 9.43Q10.79 9.07 9.66 9.07L9.66 9.07Q7.36 9.07 6.10 10.63Q4.83 12.19 4.83 14.94L4.83 14.94Q4.83 17.24 5.87 18.47Q6.92 19.70 8.89 19.70L8.89 19.70Q10.84 19.70 13.12 18.17L13.12 18.17L14.03 20.66Q13.17 21.50 11.75 21.99Q10.33 22.47 8.73 22.47L8.73 22.47ZM29.32 22.50Q27.02 22.50 25.30 21.58Q23.58 20.66 22.66 18.95Q21.74 17.24 21.74 14.92L21.74 14.92Q21.74 12.32 22.71 10.36Q23.67 8.40 25.43 7.34Q27.20 6.27 29.54 6.27L29.54 6.27Q31.85 6.27 33.57 7.19Q35.29 8.11 36.21 9.82Q37.13 11.53 37.13 13.85L37.13 13.85Q37.13 16.45 36.16 18.41Q35.20 20.37 33.43 21.43Q31.67 22.50 29.32 22.50L29.32 22.50ZM29.30 19.77Q31.32 19.77 32.49 18.20Q33.67 16.62 33.67 13.85L33.67 13.85Q33.67 11.53 32.59 10.26Q31.52 9.00 29.59 9.00L29.59 9.00Q27.53 9.00 26.36 10.57Q25.20 12.15 25.20 14.94L25.20 14.94Q25.20 17.27 26.26 18.52Q27.33 19.77 29.30 19.77L29.30 19.77ZM55.68 16.47L56.45 6.49L59.69 6.49L58.45 22.28L55.85 22.28L48.81 12.30L48.03 22.28L44.79 22.28L46.04 6.49L48.58 6.49L55.68 16.47ZM73.03 22.47Q71.19 22.47 69.55 22.01Q67.91 21.54 66.67 20.66L66.67 20.66L67.98 18.17Q69.17 18.99 70.45 19.38Q71.72 19.77 73.16 19.77L73.16 19.77Q74.65 19.77 75.41 19.33Q76.18 18.88 76.18 18.04L76.18 18.04Q76.18 17.22 75.38 16.78Q74.58 16.34 72.92 15.85L72.92 15.85Q71.26 15.36 70.23 14.89Q69.20 14.43 68.44 13.53Q67.69 12.63 67.69 11.17L67.69 11.17Q67.69 9.71 68.50 8.60Q69.31 7.49 70.78 6.89Q72.26 6.29 74.23 6.29L74.23 6.29Q75.93 6.29 77.46 6.78Q78.99 7.27 79.95 8.11L79.95 8.11L78.66 10.59Q77.66 9.82 76.49 9.41Q75.31 9.00 74.14 9.00L74.14 9.00Q72.72 9.00 71.92 9.49Q71.12 9.97 71.12 10.86L71.12 10.86Q71.12 11.46 71.56 11.87Q71.99 12.28 72.65 12.53Q73.32 12.79 74.49 13.14L74.49 13.14Q76.11 13.61 77.14 14.06Q78.17 14.52 78.90 15.39Q79.64 16.27 79.64 17.66L79.64 17.66Q79.64 19.95 77.90 21.21Q76.16 22.47 73.03 22.47L73.03 22.47ZM99.50 6.49L99.27 9.18L91.80 9.18L91.49 12.90L98.54 12.90L98.30 15.60L91.29 15.60L90.96 19.59L98.45 19.59L98.23 22.28L87.37 22.28L88.61 6.49L99.50 6.49ZM109.69 22.28L106.23 22.28L107.45 6.49L110.93 6.49L109.69 22.28ZM128.95 22.28L118.45 22.28L119.69 6.49L123.17 6.49L122.12 19.46L129.17 19.46L128.95 22.28ZM160.58 6.49L160.36 9.18L152.89 9.18L152.58 12.90L159.63 12.90L159.38 15.60L152.38 15.60L152.05 19.59L159.54 19.59L159.32 22.28L148.46 22.28L149.70 6.49L160.58 6.49ZM174.63 22.28L171.13 22.28L172.17 9.31L167.18 9.31L167.41 6.49L180.79 6.49L180.57 9.31L175.63 9.31L174.63 22.28ZM202.27 22.28L198.81 22.28L200.03 6.49L203.51 6.49L202.27 22.28ZM221.91 16.47L222.68 6.49L225.92 6.49L224.68 22.28L222.09 22.28L215.04 12.30L214.26 22.28L211.03 22.28L212.27 6.49L214.82 6.49L221.91 16.47ZM241.28 15.98L241.48 13.56L247.68 13.56L247.09 21.26Q245.98 21.83 244.43 22.15Q242.88 22.47 241.19 22.47L241.19 22.47Q238.84 22.47 237.13 21.57Q235.43 20.66 234.52 18.95Q233.61 17.24 233.61 14.94L233.61 14.94Q233.61 12.32 234.63 10.37Q235.65 8.42 237.54 7.36Q239.44 6.29 241.97 6.29L241.97 6.29Q245.54 6.29 247.68 8.11L247.68 8.11L246.38 10.59Q245.36 9.80 244.38 9.42Q243.41 9.04 242.12 9.04L242.12 9.04Q239.73 9.04 238.42 10.61Q237.11 12.17 237.11 14.94L237.11 14.94Q237.11 17.29 238.23 18.54Q239.35 19.79 241.63 19.79L241.63 19.79Q242.90 19.79 244.12 19.44L244.12 19.44L244.38 15.98L241.28 15.98ZM267.68 6.49L267.46 9.18L259.99 9.18L259.68 12.90L266.72 12.90L266.48 15.60L259.48 15.60L259.14 19.59L266.64 19.59L266.41 22.28L255.55 22.28L256.79 6.49L267.68 6.49ZM285.30 16.47L286.07 6.49L289.31 6.49L288.07 22.28L285.47 22.28L278.43 12.30L277.65 22.28L274.41 22.28L275.66 6.49L278.21 6.49L285.30 16.47ZM300.30 22.28L296.85 22.28L298.06 6.49L301.54 6.49L300.30 22.28ZM321.18 6.49L320.96 9.18L313.49 9.18L313.18 12.90L320.23 12.90L319.98 15.60L312.98 15.60L312.65 19.59L320.14 19.59L319.92 22.28L309.06 22.28L310.30 6.49L321.18 6.49ZM338.03 15.56Q338.65 15.76 339.06 16.25Q339.47 16.73 339.73 17.60L339.73 17.60L341.24 22.28L337.61 22.28L335.99 17.02Q335.79 16.40 335.31 16.16Q334.83 15.91 334.06 15.91L334.06 15.91L331.84 15.91L331.35 22.28L327.94 22.28L329.16 6.49L336.50 6.49Q338.93 6.49 340.31 7.69Q341.68 8.89 341.68 10.90L341.68 10.90Q341.68 12.74 340.77 13.93Q339.87 15.12 338.03 15.56L338.03 15.56ZM332.06 13.28L335.74 13.28Q337.07 13.28 337.75 12.71Q338.43 12.15 338.43 11.08L338.43 11.08Q338.43 10.11 337.84 9.63Q337.25 9.15 336.05 9.15L336.05 9.15L332.37 9.15L332.06 13.28ZM352.65 22.28L349.20 22.28L350.42 6.49L353.90 6.49L352.65 22.28ZM373.53 6.49L373.31 9.18L365.84 9.18L365.53 12.90L372.58 12.90L372.34 15.60L365.33 15.60L365.00 19.59L372.49 19.59L372.27 22.28L361.41 22.28L362.65 6.49L373.53 6.49Z\"><\/path>              <\/g>    <\/g>  <\/svg>\t\t\t<\/div>\n\t\t<\/div>\n\t\t\t\t<\/div>\n\t\t\t\t<\/div>\n\t\t\t\t<div class=\"elementor-element elementor-element-b911d8a elementor-widget elementor-widget-heading\" data-id=\"b911d8a\" data-element_type=\"widget\" data-widget_type=\"heading.default\">\n\t\t\t\t<div class=\"elementor-widget-container\">\n\t\t\t<style>\/*! elementor - v3.12.2 - 23-04-2023 *\/\n.elementor-heading-title{padding:0;margin:0;line-height:1}.elementor-widget-heading .elementor-heading-title[class*=elementor-size-]>a{color:inherit;font-size:inherit;line-height:inherit}.elementor-widget-heading .elementor-heading-title.elementor-size-small{font-size:15px}.elementor-widget-heading .elementor-heading-title.elementor-size-medium{font-size:19px}.elementor-widget-heading .elementor-heading-title.elementor-size-large{font-size:29px}.elementor-widget-heading .elementor-heading-title.elementor-size-xl{font-size:39px}.elementor-widget-heading .elementor-heading-title.elementor-size-xxl{font-size:59px}<\/style><h2 class=\"elementor-heading-title elementor-size-default\">Site en cours de construction<\/h2>\t\t<\/div>\n\t\t\t\t<\/div>\n\t\t\t\t<div class=\"elementor-element elementor-element-99aaf2e elementor-widget__width-initial elementor-widget elementor-widget-text-editor\" data-id=\"99aaf2e\" data-element_type=\"widget\" data-widget_type=\"text-editor.default\">\n\t\t\t\t<div class=\"elementor-widget-container\">\n\t\t\t<style>\/*! elementor - v3.12.2 - 23-04-2023 *\/\n.elementor-widget-text-editor.elementor-drop-cap-view-stacked .elementor-drop-cap{background-color:#69727d;color:#fff}.elementor-widget-text-editor.elementor-drop-cap-view-framed .elementor-drop-cap{color:#69727d;border:3px solid;background-color:transparent}.elementor-widget-text-editor:not(.elementor-drop-cap-view-default) .elementor-drop-cap{margin-top:8px}.elementor-widget-text-editor:not(.elementor-drop-cap-view-default) .elementor-drop-cap-letter{width:1em;height:1em}.elementor-widget-text-editor .elementor-drop-cap{float:left;text-align:center;line-height:1;font-size:50px}.elementor-widget-text-editor .elementor-drop-cap-letter{display:inline-block}<\/style>\t\t\t\tNotre site est en cours de construction, mais nous travaillons dur pour vous offrir la meilleure exp\u00e9rience. <br><br>Restez \u00e0 l&#8217;\u00e9coute pour d\u00e9couvrir nos services en accompagnement et conseil de chantier.\t\t\t\t\t\t<\/div>\n\t\t\t\t<\/div>\n\t\t\t\t\t<\/div>\n\t\t<\/div>\n\t\t\t\t\t\t\t<\/div>\n\t\t<\/section>\n\t\t\t\t\t\t\t<\/div>\n\t\t","protected":false},"excerpt":{"rendered":"<p>Site en cours de construction Notre site est en cours de construction, mais nous travaillons dur pour vous offrir la meilleure exp\u00e9rience. Restez \u00e0 l&#8217;\u00e9coute pour d\u00e9couvrir nos services en accompagnement et conseil de chantier.<\/p>\n","protected":false},"author":1,"featured_media":0,"parent":0,"menu_order":0,"comment_status":"closed","ping_status":"closed","template":"elementor_header_footer","meta":{"footnotes":""},"class_list":["post-12","page","type-page","status-publish","hentry"],"_links":{"self":[{"href":"https:\/\/egks-conseil.com\/index.php\/wp-json\/wp\/v2\/pages\/12","targetHints":{"allow":["GET"]}}],"collection":[{"href":"https:\/\/egks-conseil.com\/index.php\/wp-json\/wp\/v2\/pages"}],"about":[{"href":"https:\/\/egks-conseil.com\/index.php\/wp-json\/wp\/v2\/types\/page"}],"author":[{"embeddable":true,"href":"https:\/\/egks-conseil.com\/index.php\/wp-json\/wp\/v2\/users\/1"}],"replies":[{"embeddable":true,"href":"https:\/\/egks-conseil.com\/index.php\/wp-json\/wp\/v2\/comments?post=12"}],"version-history":[{"count":61,"href":"https:\/\/egks-conseil.com\/index.php\/wp-json\/wp\/v2\/pages\/12\/revisions"}],"predecessor-version":[{"id":76,"href":"https:\/\/egks-conseil.com\/index.php\/wp-json\/wp\/v2\/pages\/12\/revisions\/76"}],"wp:attachment":[{"href":"https:\/\/egks-conseil.com\/index.php\/wp-json\/wp\/v2\/media?parent=12"}],"curies":[{"name":"wp","href":"https:\/\/api.w.org\/{rel}","templated":true}]}}